 4. Let d(q) = 4*a(q) - h(q). Let z be (2/4)/((-2)/(-32))*1. Suppose z*t = -0 + 8. What is d(t)?
17
Let z(n) = -65*n + 7. Suppose -639*d + 20 = -643*d. Let x(q) = -33*q + 4. Let c(l) = d*x(l) + 3*z(l). Calculate c(1).
-29
Suppose 10 = a - 3*a, 0 = -4*g - 5*a - 5. Suppose 6*s + g*u - 90 = s, -3*s - 2*u + 57 = 0. Let z(m) = -m**2 - 46*m + s*m + 18*m - 2. Calculate z(-5).
8
Let h(m) = 3*m**2 + 36*m + 62. Let d be h(-14). Suppose 7*n + 83 = d. Let q(o) = o**3 - 9*o**2 - 4*o + 8. Calculate q(n).
-28
Let w(s) be the third derivative of -s**5/60 + s**4/8 + 5*s**3/6 - 5770*s**2. Calculate w(-5).
-35
Let t(g) = -g**3 + 5*g**3 - 3*g**3 - 97 + 16*g**2 + 104 + 10*g**2 - 21*g**2. Let w = 8 + -13. Determine t(w).
7
Let p(b) = -4*b + 4. Let a(g) = 6*g - 6. Let i(d) = -5*a(d) - 7*p(d). Let u = 51 - 53. Let v be ((1 - (-3)/(-3)) + u)*2. Determine i(v).
10
Let t(c) be the first derivative of 3*c - 21 - 1/3*c**3 + c**2. Let p be 6/(-27) + (-16)/9. What is t(p)?
-5
Let a(g) = -5*g - 23. Suppose 9*x = 6*x + 2*w - 36, 0 = 5*x - w + 60. Give a(x).
37
Let i(p) = p**2 + 3*p - 5. Suppose 2*b + 20 = -2*b. Let x(z) = z**2 + 2*z - 4. Let l(o) = b*i(o) + 6*x(o). Let u = 6154963 + -6154958. Calculate l(u).
11
Let o(c) = -c**2 - 3*c - 2. Suppose 2*p + 0 = 2*w - 2, 3*w + 9 = -p. Let t(s) = -3*s**2 - 8*s - 7. Let h be t(w). What is o(h)?
-2
Let k(i) = -29*i**3 - 13*i**2 - 22*i + 21. Let h(a) = -34*a**3 - 13*a**2 - 23*a + 21. Let m(f) = -6*h(f) + 7*k(f). Let y be ((-4)/6)/(1/(-21)). Give m(y).
-7
Let r(z) = -31*z + 56. Let y(l) = 44*l - 55. Let m(o) = 3*r(o) + 2*y(o). Calculate m(11).
3
Let r(g) = g - 1. Let z be r(3). Suppose -2 = f - z*j, -3*j + 6*j - 12 = -3*f. Let h(d) = 3 - d**2 + 2 + f + 5*d. What is h(5)?
7
Suppose 0 = -2*y + 5*g - g + 12, 4*y = 4*g + 16. Let u(l) = -176*l + 0*l**2 + 170*l + l**y. Calculate u(7).
7
Let y(i) = -i + 8. Let u be (20/3)/((-44)/(-132)). Suppose 30 = 4*p + 3*b, -5*p - u = 5*b - 60. Give y(p).
2
Let m(q) be the third derivative of -q**9/60480 + q**8/6720 - q**7/1680 + q**6/144 + 13*q**5/10 + 46*q**2. Let b(r) be the third derivative of m(r). Give b(4).
-23
Let r(c) be the second derivative of -c**5/20 - 11*c**4/12 + 11*c**3/6 - 3*c**2/2 - 6*c. Give r(-12).
9
Let h(v) = v**2 + 4*v - 3. Let a be (32/(-5))/((-10)/25). Suppose -2*u - 8 = 2*r, -4*r = -5*u - 4 + 2. Let p be (-22 + a)*(r/(-4) - 0). What is h(p)?
-6
Let i(u) = -4*u - 51. Let x(n) = -4*n - 35. Let j(g) = 2*i(g) - 3*x(g). Determine j(7).
31
Let y = -137 - -141. Suppose y*g - 18 = -t, -6*g + 4*g = -8. Let k(r) be the first derivative of r**3 - 3*r**2/2 + r + 1. Give k(t).
7
Let s be (-3682)/21 - (-3)/9. Let h be -2 - (12/7 + (-50)/s). Let f(o) = -2*o**2 - 10*o - 2. What is f(h)?
6
Let v = 3 + 8. Let u(w) = 3*w**2 + 21*w - 8. Let n(z) be the second derivative of -z**4/12 - z**3/3 - z**2 - 303*z. Let t(o) = 4*n(o) + u(o). What is t(v)?
6
Let c be (-4 - 0)*(-3)/6. Let p = c + -2. Let u(a) = a**3 + 60 + 19 + 13 - 80 + a**2 - a. Calculate u(p).
12
Let c(y) = -3*y**3 - 16*y**2 - 15*y + 20. Let w = -325 + 327. Let a(v) = -10*v**3 - 49*v**2 - 47*v + 62. Let m(t) = w*a(t) - 7*c(t). Calculate m(-13).
10
Let c(x) be the first derivative of 55*x**2/2 - 331*x - 1348. Give c(6).
-1
Let o(y) be the first derivative of -y**7/840 + 11*y**6/360 - 5*y**4/24 - 185*y**3/3 + 173. Let u(a) be the third derivative of o(a). Calculate u(11).
-5
Suppose -20 = -5*z, 17*z - 12*z - 45 = 5*h. Let m be ((-2 - -9) + h)/1. Let l(f) = -9*f + 6. Let s(o) = -17*o + 11. Let v(x) = 11*l(x) - 6*s(x). Give v(m).
6
Let i(c) = -2*c**3 + 18*c**2 + 5*c + 20. Suppose 28*q = -62 + 314. Calculate i(q).
65
Let q be -17 + (-3)/(18/(-30)). Let a(y) = 2*y**2 + 21*y - 28. Calculate a(q).
8
Suppose 3*d - 13*s + 8*s + 9 = 0, -5*d - 15 = -5*s. Let a be (112/(-42))/(d/9). Let p(b) = b**3 - 7*b**2 - 12*b + 7. What is p(a)?
-25
Suppose -4*i - 36 = 4*n - 32, 4*n + 3*i = -9. Let a(b) = -b**2 - b + 3. Determine a(n).
-27
Let q(y) = -223*y**2 + 72*y**2 + 13*y + 78*y**2 - y + 72*y**2 + 31. Determine q(13).
18
Suppose 11*i = 6*i - 1325. Let s = 261 + i. Let f(o) = 2*o + 11. Give f(s).
3
Suppose 4*s + 5*q - 24 = q, -s + 4*q = 4. Let x be -2*6/s - -4. Let n(b) be the first derivative of 5*b**4 - 2*b**3/3 + b - 96. What is n(x)?
19
Let d(z) = 14*z**3 - 2*z**2 + z. Suppose 0*o + 5 = 5*o. Let w be 58/203 - (-60)/35. Suppose 3*i - o = w. Give d(i).
13
Let i(s) = s. Let c(k) = 4*k. Let p(x) = c(x) - 5*i(x). Let f(r) = 3*r - 7. Suppose g = 3*o - 16, 29*o - 33*o + 20 = -2*g. Let d(z) = g*p(z) + f(z). Give d(4).
-3
Suppose 2*b = 3*b + 1. Let m be (-65)/b + (-24)/(-6). Let d = 69 - m. Let c(j) = j**2 - 9. What is c(d)?
-9
Let r(z) = 8*z**2 + 2404*z**3 + 20*z + 6*z**2 + 27 - 2403*z**3. What is r(-12)?
75
Let x(w) = -3*w**2 + 2*w**2 - 13 + 0*w**2 - 2*w + 11*w. Let u be x(4). Suppose 15 = 2*c - u*c - 4*i, 4*i = -4*c - 12. Let p(g) = g. Calculate p(c).
-3
Let b(t) = -13*t**2 - 6*t + 24. Let u(h) = 19*h**2 + 6*h - 32. Let n(v) = -3*b(v) - 2*u(v). Determine n(-8).
8
Suppose 0 = -l - 4*h + 12 + 616, 5*l = 2*h + 3096. Let p = l - 624. Let d(f) = 8*f + 3. Give d(p).
-29
Let w(p) be the third derivative of 1/60*p**5 + 0*p - 8*p**2 + 2/3*p**3 + 0 - 7/24*p**4. Suppose x - 3*h = -x - 1, 0 = -5*x + 5*h + 10. What is w(x)?
4
Let n(t) = -t**2 + 7*t - 5. Let r(q) = q**3 + q**2 + 2*q. Let l be r(0). Let u be (1*(1 - l))/((-2)/(-34)). Let g = -13 + u. Calculate n(g).
7
Suppose 5*g + 2*z + 42 = 0, 4*g - z + 23 = -21. Let f(w) = -w - 11. Determine f(g).
-1
Let t(a) = 2*a - 40*a**2 - 1 - 2 + 41*a**2. Suppose 3*w + 1 - 19 = 0. Suppose 0 = -w*d + d - 20. Calculate t(d).
5
Let u(j) be the third derivative of j**6/60 - j**5/60 - j**4/12 + 151*j**3/6 - 117*j**2. Let r(w) be the first derivative of u(w). What is r(-1)?
6
Let a(t) = -t**2 + t + 2. Let u be 2*2/(-8) + 45/6. Suppose 2*o - o = -u*o. Suppose -2*v - v - d - 9 = o, -4*d - 16 = 2*v. Calculate a(v).
-4
Let b(d) be the second derivative of -d**4/12 + d**3/3 + 2*d**2 - 2053*d. Determine b(2).
4
Let p = -7170 + 7181. Let h(f) = -f**2 + 14*f + 19. Calculate h(p).
52
Let q(k) = -5*k**2 + 23*k + 993. Let o(b) = 3*b**2 - 15*b - 598. Let l(y) = 8*o(y) + 5*q(y). Give l(11).
5
Let y(w) be the third derivative of -w**4/24 + 2*w**3/3 - 27*w**2 + w. Let t = -41 - -36. Determine y(t).
9
Suppose 0 = 191*u + 59 - 180 - 261. Let p(y) = -y**3 + 4*y**2 - 6*y**2 + 5 - 2 + 0*y**2. Calculate p(u).
-13
Let s(x) = 5*x**2 - 24*x + 41. Let t(j) = 7*j**2 - 28*j + 41. Let v(a) = 3*s(a) - 2*t(a). Calculate v(15).
26
Let o(w) = w**2 - 1. Let x be 2/4*(3 + -1 - 8). Let n be 0/(x*(-3)/(-9)). Determine o(n).
-1
Suppose 5*g = 9*g - 8. Suppose -4*d - 18 = -3*d - 4*i, g*d + 4*i - 12 = 0. Let y be (1 + -5 + 2)*d. Let f(t) = 2*t + 3. Determine f(y).
11
Let q(i) be the second derivative of i**7/2520 - i**6/60 - i**5/24 - 23*i**4/12 + 3*i**2/2 - 49*i. Let o(x) be the third derivative of q(x). Give o(8).
-37
Let k(u) be the third derivative of u**5/30 - u**4/8 + u**3/2 - 1251*u**2. Give k(-7).
122
Suppose -15 = -5*b, -5*d + 102*b + 151 = 99*b. Let f(g) = g**2 - 31*g - 45. Calculate f(d).
-13
Let m be 3234/70 - (-4)/5. Suppose -51*c = -55 - m. Let y(x) = -x**3 + 5*x**2 - 2*x - 2. What is y(c)?
6
Let p(f) = 17*f + 8. Let d(j) = -13*j - 13. Let u(t) = 27*t + 29. Let a(o) = -5*d(o) - 2*u(o). Let k(r) = 3*a(r) - 2*p(r). Give k(0).
5
Let u(k) = 7*k + 19. Let r be 10 + (-20)/5 - -1. Let z(d) = 10*d + 27. Let l(s) = r*u(s) - 5*z(s). Let b(x) = -x**2 + 6*x - 5. Let t be b(5). Determine l(t).
-2
Suppose -9436*m + 9428*m = 56. Let z(t) = 6*t + 10. Determine z(m).
-32
Let v(t) = 3*t**3 + 19*t**2 + 27*t - 31. Let b be (-1 + 3)/((-70)/(-175)). Let a(h) = -h**3 - 9*h**2 - 13*h + 16. Let y(q) = b*a(q) + 2*v(q). Determine y(8).
-6
Let u(n) = -7*n + 10. Let y be 10/(-105)*-7*-6*1. Give u(y).
38
Let i(w) = -9*w**3 + 19*w**2 + 23*w - 15. Let m(g) = -4*g**3 + 9*g**2 + 11*g - 7. Let u be (-9 + 6)*7/3. Let a(b) = u*m(b) + 3*i(b). Determine a(7).
-3
Suppose -436 = -5*y - 446, 0 = 4*w + 3*y - 10. Let c(j) = -j**3 + 7*j**2 - 6*j - 7. What is c(w)?
17
Let k(g) = -10*g + 565. Let n(w) = 8*w - 468. Let o(t) = -5*k(t) - 6*n(t). Calculate o(3).
-11
Let o(x) be the second derivative of -x**5/20 + 7*x**4/4 + 8*x**3/3 + 63*x**2 - 3*x + 1991. Determine o(22).
-6
Let b(q) = 37*q - 216 + 229 - 38*q. Let 